{"id":1731,"date":"2026-04-29T10:30:46","date_gmt":"2026-04-29T08:30:46","guid":{"rendered":"https:\/\/www.klartilhealing.dk\/?post_type=product&#038;p=1731"},"modified":"2026-04-30T15:02:59","modified_gmt":"2026-04-30T13:02:59","slug":"energiarbejde-healing-efteraarshold-2026-oevet-odense","status":"publish","type":"product","link":"https:\/\/www.klartilhealing.dk\/index.php\/vare\/energiarbejde-healing-efteraarshold-2026-oevet-odense\/","title":{"rendered":"Energiarbejde &amp; Healing \/ Efter\u00e5rshold 2026 \/  \u00d8vet \/ Odense"},"content":{"rendered":"<p>Du er healer, reiki-healer, energiarbejder, eller har tr\u00e6net i energi-arbejde og healing igennem 3 s\u00e6soner hos mig, eller en anden. <br \/>Du vil gerne dykke endnu l\u00e6ngere ned i feltet med energi og healing og du \u00f8nsker at f\u00e5 udvidet din v\u00e6rkt\u00f8jskasse. <br \/>Du vil gerne arbejde og sparre med ligesindede &#8211; og du er derfor p\u00e5 jagt efter et sted, hvor du kan tr\u00e6ne nyt i et fortroligt og godt rum. <\/p>\n<p>Energifelter, energibaner, energiaftryk, struktur, healing, energiarbejde bliver et naturlig dagligt flow i dig.<br \/>Vi arbejder med den spirituelle healings-energi, og alle de energier der omslutter os hver dag, fra vores egen aura, til jorden og planeternes energi. <br \/>Du f\u00e5r pr\u00f8vet mange forskellige teknikker til healing og energi-arbejde. <br \/>Du vil f\u00e5 en st\u00f8rre forst\u00e5else af energiernes sammenh\u00e6ng. <br \/>Vi vil l\u00e6re hvordan budskaber kan formidles &#8211; selv de sv\u00e6re. <br \/>Vi vil tr\u00e6ne 1:1, samt i st\u00f8rre og mindre grupper.  <\/p>\n<p>Du skal v\u00e6re indstillet p\u00e5 at have lidt hjemmeopgaver og hjemme-tr\u00e6ning. <br \/>Mange ting kan dukke op i dig selv i forl\u00f8bet; og du skal vide, at det er et trygt, varmt, v\u00e6kstende og fortroligt rum du tr\u00e6der ind i &#8211; med plads til lige n\u00f8jagtig din udvikling. <br \/>Jeg vil st\u00f8tte dig undervejs og er til r\u00e5dighed forl\u00f8bet igennem.  <br \/>__________________________________________________________________________________________________________<\/p>\n<p>Som underviser, vil du m\u00f8de mig, Diddi, som laver dette forl\u00f8b for 6. gang  &#8211; Og jeg har denne gang valgt at dele forl\u00f8bet op i \u00f8vede og begyndere, da behovet er der for at n\u00f8rde for de \u00f8vede, og starte frisk for begyndere. <br \/>Jeg er i t\u00e6t dialog med den anden side i planl\u00e6gningen af forl\u00f8bet, s\u00e5som hvilke \u00f8velser og hvilke veje vi skal g\u00e5, for at hver enkelt f\u00e5r en ny viden og kompetence med fra forl\u00f8bet. <br \/>Der er plads til t\u00e5rer og grin; og jeg g\u00f8r meget for at du skal f\u00f8le dig tilpas. Derfor har du ogs\u00e5 mulighed for at tage fat i mig imellem gangene, for at f\u00e5 hj\u00e6lp, afklaring eller en samtale, om din udvikling, <br \/>Jeg bestr\u00e6ber mig p\u00e5, at der efter hver \u00f8velse er tid til refleksion og evaluering. Jeg vil til tider ogs\u00e5 pr\u00f8ve at tage billeder eller lign, for at indfange energierne. Disse vil kun v\u00e6re til brug for holdet, og vil aldrig blive offentliggjort. <br \/>Alt sker i et fortroligt og sikkert rum. <\/p>\n<p>Jeg gl\u00e6der mig til at se dig <\/p>\n","protected":false},"excerpt":{"rendered":"<p><strong>Forl\u00f8b: <\/strong>10 gange<br \/><strong>Holdst\u00f8rrelse<\/strong>: max. 10 deltagere, min, 6 deltagere<\/p>\n<p><strong>Varighed<\/strong>: 2t 45 min\/gang med 10 min. pause. Der vil til tider v\u00e6re enkle hjemmeopgaver imellem gangene.<br \/><strong>Sted:  <\/strong>Eckersbergsvej 29, 5230 Odense M &#8211; &#8220;Under huset&#8221;<\/p>\n<p><strong>Holdstart:<\/strong> 13. august 2026 kl. 18.15 -21.00<br \/><strong>Tr\u00e6ningsaftener, torsdage:<\/strong> 13.aug. , 27. aug., 10. sep., 24. sep., 8. okt., 22. okt., 5. nov., 19. nov., 3. dec., 17. dec.<\/p>\n<p><strong>Tilmeldingsfrist: <\/strong>3. august 2026 med indbetaling. Der er mulighed for ratebetaling.<br \/><strong>Tilmelding: <\/strong>Via Webshoppen. (Din tilmelding er f\u00f8rst g\u00e6ldende n\u00e5r din betaling er modtaget)<\/p>\n","protected":false},"featured_media":610,"template":"","meta":{"_kad_post_transparent":"","_kad_post_title":"","_kad_post_layout":"","_kad_post_sidebar_id":"","_kad_post_content_style":"","_kad_post_vertical_padding":"","_kad_post_feature":"","_kad_post_feature_position":"","_kad_post_header":false,"_kad_post_footer":false,"_kad_post_classname":""},"product_brand":[],"product_cat":[51],"product_tag":[],"class_list":{"0":"post-1731","1":"product","2":"type-product","3":"status-publish","4":"has-post-thumbnail","6":"product_cat-traening-og-workshop","8":"first","9":"instock","10":"virtual","11":"taxable","12":"purchasable","13":"product-type-simple","14":"entry","15":"content-bg","16":"loop-entry"},"yoast_head":"<!-- This site is optimized with the Yoast SEO plugin v27.5 - https:\/\/yoast.com\/product\/yoast-seo-wordpress\/ -->\n<title>Energiarbejde &amp; Healing \/ Efter\u00e5rshold 2026 \/ \u00d8vet \/ Odense - Klar til healing<\/title>\n<meta name=\"description\" content=\"Energiarbejde &amp; Healing \/ Efter\u00e5rshold 2026 \/ \u00d8vet \/ Odense Klar til healing %\" \/>\n<meta name=\"robots\" content=\"index, follow, max-snippet:-1, max-image-preview:large, max-video-preview:-1\" \/>\n<link rel=\"canonical\" href=\"https:\/\/www.klartilhealing.dk\/index.php\/vare\/energiarbejde-healing-efteraarshold-2026-oevet-odense\/\" \/>\n<meta property=\"og:locale\" content=\"da_DK\" \/>\n<meta property=\"og:type\" content=\"article\" \/>\n<meta property=\"og:title\" content=\"Energiarbejde &amp; Healing \/ Efter\u00e5rshold 2026 \/ \u00d8vet \/ Odense - Klar til healing\" \/>\n<meta property=\"og:description\" content=\"Energiarbejde &amp; Healing \/ Efter\u00e5rshold 2026 \/ \u00d8vet \/ Odense Klar til healing %\" \/>\n<meta property=\"og:url\" content=\"https:\/\/www.klartilhealing.dk\/index.php\/vare\/energiarbejde-healing-efteraarshold-2026-oevet-odense\/\" \/>\n<meta property=\"og:site_name\" content=\"Klar til healing\" \/>\n<meta property=\"article:publisher\" content=\"https:\/\/www.facebook.com\/klartilhealing\" \/>\n<meta property=\"article:modified_time\" content=\"2026-04-30T13:02:59+00:00\" \/>\n<meta property=\"og:image\" content=\"https:\/\/www.klartilhealing.dk\/wp-content\/uploads\/2024\/05\/Pink-blomst1-min.jpg\" \/>\n\t<meta property=\"og:image:width\" content=\"600\" \/>\n\t<meta property=\"og:image:height\" content=\"600\" \/>\n\t<meta property=\"og:image:type\" content=\"image\/jpeg\" \/>\n<meta name=\"twitter:card\" content=\"summary_large_image\" \/>\n<meta name=\"twitter:label1\" content=\"Estimeret l\u00e6setid\" \/>\n\t<meta name=\"twitter:data1\" content=\"2 minutter\" \/>\n<script type=\"application\/ld+json\" class=\"yoast-schema-graph\">{\"@context\":\"https:\\\/\\\/schema.org\",\"@graph\":[{\"@type\":\"WebPage\",\"@id\":\"https:\\\/\\\/www.klartilhealing.dk\\\/index.php\\\/vare\\\/energiarbejde-healing-efteraarshold-2026-oevet-odense\\\/\",\"url\":\"https:\\\/\\\/www.klartilhealing.dk\\\/index.php\\\/vare\\\/energiarbejde-healing-efteraarshold-2026-oevet-odense\\\/\",\"name\":\"Energiarbejde &amp; Healing \\\/ Efter\u00e5rshold 2026 \\\/ \u00d8vet \\\/ Odense - Klar til healing\",\"isPartOf\":{\"@id\":\"https:\\\/\\\/www.klartilhealing.dk\\\/#website\"},\"primaryImageOfPage\":{\"@id\":\"https:\\\/\\\/www.klartilhealing.dk\\\/index.php\\\/vare\\\/energiarbejde-healing-efteraarshold-2026-oevet-odense\\\/#primaryimage\"},\"image\":{\"@id\":\"https:\\\/\\\/www.klartilhealing.dk\\\/index.php\\\/vare\\\/energiarbejde-healing-efteraarshold-2026-oevet-odense\\\/#primaryimage\"},\"thumbnailUrl\":\"https:\\\/\\\/www.klartilhealing.dk\\\/wp-content\\\/uploads\\\/2024\\\/05\\\/Pink-blomst1-min.jpg\",\"datePublished\":\"2026-04-29T08:30:46+00:00\",\"dateModified\":\"2026-04-30T13:02:59+00:00\",\"description\":\"Energiarbejde &amp; Healing \\\/ Efter\u00e5rshold 2026 \\\/ \u00d8vet \\\/ Odense Klar til healing %\",\"breadcrumb\":{\"@id\":\"https:\\\/\\\/www.klartilhealing.dk\\\/index.php\\\/vare\\\/energiarbejde-healing-efteraarshold-2026-oevet-odense\\\/#breadcrumb\"},\"inLanguage\":\"da-DK\",\"potentialAction\":[{\"@type\":\"ReadAction\",\"target\":[\"https:\\\/\\\/www.klartilhealing.dk\\\/index.php\\\/vare\\\/energiarbejde-healing-efteraarshold-2026-oevet-odense\\\/\"]}]},{\"@type\":\"ImageObject\",\"inLanguage\":\"da-DK\",\"@id\":\"https:\\\/\\\/www.klartilhealing.dk\\\/index.php\\\/vare\\\/energiarbejde-healing-efteraarshold-2026-oevet-odense\\\/#primaryimage\",\"url\":\"https:\\\/\\\/www.klartilhealing.dk\\\/wp-content\\\/uploads\\\/2024\\\/05\\\/Pink-blomst1-min.jpg\",\"contentUrl\":\"https:\\\/\\\/www.klartilhealing.dk\\\/wp-content\\\/uploads\\\/2024\\\/05\\\/Pink-blomst1-min.jpg\",\"width\":600,\"height\":600,\"caption\":\"N\u00e6rbillede af pink blomst\"},{\"@type\":\"BreadcrumbList\",\"@id\":\"https:\\\/\\\/www.klartilhealing.dk\\\/index.php\\\/vare\\\/energiarbejde-healing-efteraarshold-2026-oevet-odense\\\/#breadcrumb\",\"itemListElement\":[{\"@type\":\"ListItem\",\"position\":1,\"name\":\"Hjem\",\"item\":\"https:\\\/\\\/www.klartilhealing.dk\\\/\"},{\"@type\":\"ListItem\",\"position\":2,\"name\":\"BUTIK\",\"item\":\"https:\\\/\\\/www.klartilhealing.dk\\\/index.php\\\/butik\\\/\"},{\"@type\":\"ListItem\",\"position\":3,\"name\":\"Energiarbejde &amp; Healing \\\/ Efter\u00e5rshold 2026 \\\/ \u00d8vet \\\/ Odense\"}]},{\"@type\":\"WebSite\",\"@id\":\"https:\\\/\\\/www.klartilhealing.dk\\\/#website\",\"url\":\"https:\\\/\\\/www.klartilhealing.dk\\\/\",\"name\":\"Klar til healing\",\"description\":\"Christina Diddi Adolph\",\"publisher\":{\"@id\":\"https:\\\/\\\/www.klartilhealing.dk\\\/#organization\"},\"potentialAction\":[{\"@type\":\"SearchAction\",\"target\":{\"@type\":\"EntryPoint\",\"urlTemplate\":\"https:\\\/\\\/www.klartilhealing.dk\\\/?s={search_term_string}\"},\"query-input\":{\"@type\":\"PropertyValueSpecification\",\"valueRequired\":true,\"valueName\":\"search_term_string\"}}],\"inLanguage\":\"da-DK\"},{\"@type\":\"Organization\",\"@id\":\"https:\\\/\\\/www.klartilhealing.dk\\\/#organization\",\"name\":\"Klar til healing\",\"alternateName\":\"Christina Diddi Adolph\",\"url\":\"https:\\\/\\\/www.klartilhealing.dk\\\/\",\"logo\":{\"@type\":\"ImageObject\",\"inLanguage\":\"da-DK\",\"@id\":\"https:\\\/\\\/www.klartilhealing.dk\\\/#\\\/schema\\\/logo\\\/image\\\/\",\"url\":\"https:\\\/\\\/www.klartilhealing.dk\\\/wp-content\\\/uploads\\\/2024\\\/05\\\/cropped-Transperant-logo-med-prikker.png\",\"contentUrl\":\"https:\\\/\\\/www.klartilhealing.dk\\\/wp-content\\\/uploads\\\/2024\\\/05\\\/cropped-Transperant-logo-med-prikker.png\",\"width\":512,\"height\":512,\"caption\":\"Klar til healing\"},\"image\":{\"@id\":\"https:\\\/\\\/www.klartilhealing.dk\\\/#\\\/schema\\\/logo\\\/image\\\/\"},\"sameAs\":[\"https:\\\/\\\/www.facebook.com\\\/klartilhealing\"]}]}<\/script>\n<!-- \/ Yoast SEO plugin. -->","yoast_head_json":{"title":"Energiarbejde &amp; Healing \/ Efter\u00e5rshold 2026 \/ \u00d8vet \/ Odense - Klar til healing","description":"Energiarbejde &amp; Healing \/ Efter\u00e5rshold 2026 \/ \u00d8vet \/ Odense Klar til healing %","robots":{"index":"index","follow":"follow","max-snippet":"max-snippet:-1","max-image-preview":"max-image-preview:large","max-video-preview":"max-video-preview:-1"},"canonical":"https:\/\/www.klartilhealing.dk\/index.php\/vare\/energiarbejde-healing-efteraarshold-2026-oevet-odense\/","og_locale":"da_DK","og_type":"article","og_title":"Energiarbejde &amp; Healing \/ Efter\u00e5rshold 2026 \/ \u00d8vet \/ Odense - Klar til healing","og_description":"Energiarbejde &amp; Healing \/ Efter\u00e5rshold 2026 \/ \u00d8vet \/ Odense Klar til healing %","og_url":"https:\/\/www.klartilhealing.dk\/index.php\/vare\/energiarbejde-healing-efteraarshold-2026-oevet-odense\/","og_site_name":"Klar til healing","article_publisher":"https:\/\/www.facebook.com\/klartilhealing","article_modified_time":"2026-04-30T13:02:59+00:00","og_image":[{"width":600,"height":600,"url":"https:\/\/www.klartilhealing.dk\/wp-content\/uploads\/2024\/05\/Pink-blomst1-min.jpg","type":"image\/jpeg"}],"twitter_card":"summary_large_image","twitter_misc":{"Estimeret l\u00e6setid":"2 minutter"},"schema":{"@context":"https:\/\/schema.org","@graph":[{"@type":"WebPage","@id":"https:\/\/www.klartilhealing.dk\/index.php\/vare\/energiarbejde-healing-efteraarshold-2026-oevet-odense\/","url":"https:\/\/www.klartilhealing.dk\/index.php\/vare\/energiarbejde-healing-efteraarshold-2026-oevet-odense\/","name":"Energiarbejde &amp; Healing \/ Efter\u00e5rshold 2026 \/ \u00d8vet \/ Odense - Klar til healing","isPartOf":{"@id":"https:\/\/www.klartilhealing.dk\/#website"},"primaryImageOfPage":{"@id":"https:\/\/www.klartilhealing.dk\/index.php\/vare\/energiarbejde-healing-efteraarshold-2026-oevet-odense\/#primaryimage"},"image":{"@id":"https:\/\/www.klartilhealing.dk\/index.php\/vare\/energiarbejde-healing-efteraarshold-2026-oevet-odense\/#primaryimage"},"thumbnailUrl":"https:\/\/www.klartilhealing.dk\/wp-content\/uploads\/2024\/05\/Pink-blomst1-min.jpg","datePublished":"2026-04-29T08:30:46+00:00","dateModified":"2026-04-30T13:02:59+00:00","description":"Energiarbejde &amp; Healing \/ Efter\u00e5rshold 2026 \/ \u00d8vet \/ Odense Klar til healing %","breadcrumb":{"@id":"https:\/\/www.klartilhealing.dk\/index.php\/vare\/energiarbejde-healing-efteraarshold-2026-oevet-odense\/#breadcrumb"},"inLanguage":"da-DK","potentialAction":[{"@type":"ReadAction","target":["https:\/\/www.klartilhealing.dk\/index.php\/vare\/energiarbejde-healing-efteraarshold-2026-oevet-odense\/"]}]},{"@type":"ImageObject","inLanguage":"da-DK","@id":"https:\/\/www.klartilhealing.dk\/index.php\/vare\/energiarbejde-healing-efteraarshold-2026-oevet-odense\/#primaryimage","url":"https:\/\/www.klartilhealing.dk\/wp-content\/uploads\/2024\/05\/Pink-blomst1-min.jpg","contentUrl":"https:\/\/www.klartilhealing.dk\/wp-content\/uploads\/2024\/05\/Pink-blomst1-min.jpg","width":600,"height":600,"caption":"N\u00e6rbillede af pink blomst"},{"@type":"BreadcrumbList","@id":"https:\/\/www.klartilhealing.dk\/index.php\/vare\/energiarbejde-healing-efteraarshold-2026-oevet-odense\/#breadcrumb","itemListElement":[{"@type":"ListItem","position":1,"name":"Hjem","item":"https:\/\/www.klartilhealing.dk\/"},{"@type":"ListItem","position":2,"name":"BUTIK","item":"https:\/\/www.klartilhealing.dk\/index.php\/butik\/"},{"@type":"ListItem","position":3,"name":"Energiarbejde &amp; Healing \/ Efter\u00e5rshold 2026 \/ \u00d8vet \/ Odense"}]},{"@type":"WebSite","@id":"https:\/\/www.klartilhealing.dk\/#website","url":"https:\/\/www.klartilhealing.dk\/","name":"Klar til healing","description":"Christina Diddi Adolph","publisher":{"@id":"https:\/\/www.klartilhealing.dk\/#organization"},"potentialAction":[{"@type":"SearchAction","target":{"@type":"EntryPoint","urlTemplate":"https:\/\/www.klartilhealing.dk\/?s={search_term_string}"},"query-input":{"@type":"PropertyValueSpecification","valueRequired":true,"valueName":"search_term_string"}}],"inLanguage":"da-DK"},{"@type":"Organization","@id":"https:\/\/www.klartilhealing.dk\/#organization","name":"Klar til healing","alternateName":"Christina Diddi Adolph","url":"https:\/\/www.klartilhealing.dk\/","logo":{"@type":"ImageObject","inLanguage":"da-DK","@id":"https:\/\/www.klartilhealing.dk\/#\/schema\/logo\/image\/","url":"https:\/\/www.klartilhealing.dk\/wp-content\/uploads\/2024\/05\/cropped-Transperant-logo-med-prikker.png","contentUrl":"https:\/\/www.klartilhealing.dk\/wp-content\/uploads\/2024\/05\/cropped-Transperant-logo-med-prikker.png","width":512,"height":512,"caption":"Klar til healing"},"image":{"@id":"https:\/\/www.klartilhealing.dk\/#\/schema\/logo\/image\/"},"sameAs":["https:\/\/www.facebook.com\/klartilhealing"]}]}},"_links":{"self":[{"href":"https:\/\/www.klartilhealing.dk\/index.php\/wp-json\/wp\/v2\/product\/1731","targetHints":{"allow":["GET"]}}],"collection":[{"href":"https:\/\/www.klartilhealing.dk\/index.php\/wp-json\/wp\/v2\/product"}],"about":[{"href":"https:\/\/www.klartilhealing.dk\/index.php\/wp-json\/wp\/v2\/types\/product"}],"wp:featuredmedia":[{"embeddable":true,"href":"https:\/\/www.klartilhealing.dk\/index.php\/wp-json\/wp\/v2\/media\/610"}],"wp:attachment":[{"href":"https:\/\/www.klartilhealing.dk\/index.php\/wp-json\/wp\/v2\/media?parent=1731"}],"wp:term":[{"taxonomy":"product_brand","embeddable":true,"href":"https:\/\/www.klartilhealing.dk\/index.php\/wp-json\/wp\/v2\/product_brand?post=1731"},{"taxonomy":"product_cat","embeddable":true,"href":"https:\/\/www.klartilhealing.dk\/index.php\/wp-json\/wp\/v2\/product_cat?post=1731"},{"taxonomy":"product_tag","embeddable":true,"href":"https:\/\/www.klartilhealing.dk\/index.php\/wp-json\/wp\/v2\/product_tag?post=1731"}],"curies":[{"name":"wp","href":"https:\/\/api.w.org\/{rel}","templated":true}]}}