{"id":1529,"date":"2025-11-03T12:34:47","date_gmt":"2025-11-03T10:34:47","guid":{"rendered":"https:\/\/www.klartilhealing.dk\/?post_type=product&#038;p=1529"},"modified":"2026-04-09T21:03:37","modified_gmt":"2026-04-09T19:03:37","slug":"gruppemeditation","status":"publish","type":"product","link":"https:\/\/www.klartilhealing.dk\/index.php\/vare\/gruppemeditation\/","title":{"rendered":"Healing- &#038; meditationsaften &#8211; m\u00e5nedlig i for\u00e5r 2026"},"content":{"rendered":"<p>Du modtager en afslapnings\u00f8velse, en guidet meditation og en healing. <br \/>Jeg f\u00e5r dig til at slappe af og slippe uro og giver din krop mulighed for at genvinde balancen. <br \/>Den guidede meditation, giver dig mulighed for at modtage den gruppehealing jeg vil give efterf\u00f8lgende.<\/p>\n<p>Du g\u00e5r fra aftenen, afslappet og i balance; klar til at komme hjem i seng og v\u00e5gne lidt friskere n\u00e6ste dag. <\/p>\n","protected":false},"excerpt":{"rendered":"<p><strong>Datoer :<\/strong> 8 januar &#8211; 19. februar &#8211; 19.marts &#8211; 16.april &#8211; 21.maj<br \/><strong>Tidspunkt<\/strong>: kl. 19.00 &#8211; 20.30 <br \/><strong>Medbring:<\/strong> Vand til f\u00f8r og efter meditationen. <br \/>(\u00d8nsker du i stedet at sidde, har jeg almindelige stole med arml\u00e6n til r\u00e5dighed)<br \/><strong>Deltagere;<\/strong> max. 6 og min 3 deltagere<\/p>\n<p><strong>Pris: <\/strong>140 kr. pr. gang eller 600 kr. samlet for alle 5 aftener. <br \/><strong>Tilmeldingsfrist:<\/strong> Senest dagen f\u00f8r <br \/><strong>Tilmelding: <\/strong>Du tilmelder dig via betalings-linket, ved at v\u00e6lge dato, samt betale din bestilling.<br \/>(Din tilmelding er f\u00f8rst g\u00e6ldende n\u00e5r din betaling er modtaget)<\/p>\n","protected":false},"featured_media":576,"template":"","meta":{"_kad_post_transparent":"","_kad_post_title":"","_kad_post_layout":"","_kad_post_sidebar_id":"","_kad_post_content_style":"","_kad_post_vertical_padding":"","_kad_post_feature":"","_kad_post_feature_position":"","_kad_post_header":false,"_kad_post_footer":false,"_kad_post_classname":""},"product_brand":[],"product_cat":[62],"product_tag":[],"class_list":{"0":"post-1529","1":"product","2":"type-product","3":"status-publish","4":"has-post-thumbnail","6":"product_cat-arrangementer","8":"first","9":"instock","10":"taxable","11":"shipping-taxable","12":"purchasable","13":"product-type-variable","14":"has-default-attributes","15":"entry","16":"content-bg","17":"loop-entry"},"yoast_head":"<!-- This site is optimized with the Yoast SEO plugin v27.3 - https:\/\/yoast.com\/product\/yoast-seo-wordpress\/ -->\n<title>Healing- &amp; meditationsaften - m\u00e5nedlig i for\u00e5r 2026 - Klar til healing<\/title>\n<meta name=\"description\" content=\"Healing- &amp; meditationsaften - m\u00e5nedlig i for\u00e5r 2026 Klar til healing %\" \/>\n<meta name=\"robots\" content=\"index, follow, max-snippet:-1, max-image-preview:large, max-video-preview:-1\" \/>\n<link rel=\"canonical\" href=\"https:\/\/www.klartilhealing.dk\/index.php\/vare\/gruppemeditation\/\" \/>\n<meta property=\"og:locale\" content=\"da_DK\" \/>\n<meta property=\"og:type\" content=\"article\" \/>\n<meta property=\"og:title\" content=\"Healing- &amp; meditationsaften - m\u00e5nedlig i for\u00e5r 2026 - Klar til healing\" \/>\n<meta property=\"og:description\" content=\"Healing- &amp; meditationsaften - m\u00e5nedlig i for\u00e5r 2026 Klar til healing %\" \/>\n<meta property=\"og:url\" content=\"https:\/\/www.klartilhealing.dk\/index.php\/vare\/gruppemeditation\/\" \/>\n<meta property=\"og:site_name\" content=\"Klar til healing\" \/>\n<meta property=\"article:publisher\" content=\"https:\/\/www.facebook.com\/klartilhealing\" \/>\n<meta property=\"article:modified_time\" content=\"2026-04-09T19:03:37+00:00\" \/>\n<meta property=\"og:image\" content=\"https:\/\/www.klartilhealing.dk\/wp-content\/uploads\/2024\/05\/Vesterhavet-meditation.jpg\" \/>\n\t<meta property=\"og:image:width\" content=\"600\" \/>\n\t<meta property=\"og:image:height\" content=\"800\" \/>\n\t<meta property=\"og:image:type\" content=\"image\/jpeg\" \/>\n<meta name=\"twitter:card\" content=\"summary_large_image\" \/>\n<script type=\"application\/ld+json\" class=\"yoast-schema-graph\">{\"@context\":\"https:\\\/\\\/schema.org\",\"@graph\":[{\"@type\":\"WebPage\",\"@id\":\"https:\\\/\\\/www.klartilhealing.dk\\\/index.php\\\/vare\\\/gruppemeditation\\\/\",\"url\":\"https:\\\/\\\/www.klartilhealing.dk\\\/index.php\\\/vare\\\/gruppemeditation\\\/\",\"name\":\"Healing- & meditationsaften - m\u00e5nedlig i for\u00e5r 2026 - Klar til healing\",\"isPartOf\":{\"@id\":\"https:\\\/\\\/www.klartilhealing.dk\\\/#website\"},\"primaryImageOfPage\":{\"@id\":\"https:\\\/\\\/www.klartilhealing.dk\\\/index.php\\\/vare\\\/gruppemeditation\\\/#primaryimage\"},\"image\":{\"@id\":\"https:\\\/\\\/www.klartilhealing.dk\\\/index.php\\\/vare\\\/gruppemeditation\\\/#primaryimage\"},\"thumbnailUrl\":\"https:\\\/\\\/www.klartilhealing.dk\\\/wp-content\\\/uploads\\\/2024\\\/05\\\/Vesterhavet-meditation.jpg\",\"datePublished\":\"2025-11-03T10:34:47+00:00\",\"dateModified\":\"2026-04-09T19:03:37+00:00\",\"description\":\"Healing- & meditationsaften - m\u00e5nedlig i for\u00e5r 2026 Klar til healing %\",\"breadcrumb\":{\"@id\":\"https:\\\/\\\/www.klartilhealing.dk\\\/index.php\\\/vare\\\/gruppemeditation\\\/#breadcrumb\"},\"inLanguage\":\"da-DK\",\"potentialAction\":[{\"@type\":\"ReadAction\",\"target\":[\"https:\\\/\\\/www.klartilhealing.dk\\\/index.php\\\/vare\\\/gruppemeditation\\\/\"]}]},{\"@type\":\"ImageObject\",\"inLanguage\":\"da-DK\",\"@id\":\"https:\\\/\\\/www.klartilhealing.dk\\\/index.php\\\/vare\\\/gruppemeditation\\\/#primaryimage\",\"url\":\"https:\\\/\\\/www.klartilhealing.dk\\\/wp-content\\\/uploads\\\/2024\\\/05\\\/Vesterhavet-meditation.jpg\",\"contentUrl\":\"https:\\\/\\\/www.klartilhealing.dk\\\/wp-content\\\/uploads\\\/2024\\\/05\\\/Vesterhavet-meditation.jpg\",\"width\":600,\"height\":800,\"caption\":\"Havkig fra yderste klitr\u00e6kke.\"},{\"@type\":\"BreadcrumbList\",\"@id\":\"https:\\\/\\\/www.klartilhealing.dk\\\/index.php\\\/vare\\\/gruppemeditation\\\/#breadcrumb\",\"itemListElement\":[{\"@type\":\"ListItem\",\"position\":1,\"name\":\"Hjem\",\"item\":\"https:\\\/\\\/www.klartilhealing.dk\\\/\"},{\"@type\":\"ListItem\",\"position\":2,\"name\":\"BUTIK\",\"item\":\"https:\\\/\\\/www.klartilhealing.dk\\\/index.php\\\/butik\\\/\"},{\"@type\":\"ListItem\",\"position\":3,\"name\":\"Healing- &#038; meditationsaften &#8211; m\u00e5nedlig i for\u00e5r 2026\"}]},{\"@type\":\"WebSite\",\"@id\":\"https:\\\/\\\/www.klartilhealing.dk\\\/#website\",\"url\":\"https:\\\/\\\/www.klartilhealing.dk\\\/\",\"name\":\"Klar til healing\",\"description\":\"Christina Diddi Adolph\",\"publisher\":{\"@id\":\"https:\\\/\\\/www.klartilhealing.dk\\\/#organization\"},\"potentialAction\":[{\"@type\":\"SearchAction\",\"target\":{\"@type\":\"EntryPoint\",\"urlTemplate\":\"https:\\\/\\\/www.klartilhealing.dk\\\/?s={search_term_string}\"},\"query-input\":{\"@type\":\"PropertyValueSpecification\",\"valueRequired\":true,\"valueName\":\"search_term_string\"}}],\"inLanguage\":\"da-DK\"},{\"@type\":\"Organization\",\"@id\":\"https:\\\/\\\/www.klartilhealing.dk\\\/#organization\",\"name\":\"Klar til healing\",\"alternateName\":\"Christina Diddi Adolph\",\"url\":\"https:\\\/\\\/www.klartilhealing.dk\\\/\",\"logo\":{\"@type\":\"ImageObject\",\"inLanguage\":\"da-DK\",\"@id\":\"https:\\\/\\\/www.klartilhealing.dk\\\/#\\\/schema\\\/logo\\\/image\\\/\",\"url\":\"https:\\\/\\\/www.klartilhealing.dk\\\/wp-content\\\/uploads\\\/2024\\\/05\\\/cropped-Transperant-logo-med-prikker.png\",\"contentUrl\":\"https:\\\/\\\/www.klartilhealing.dk\\\/wp-content\\\/uploads\\\/2024\\\/05\\\/cropped-Transperant-logo-med-prikker.png\",\"width\":512,\"height\":512,\"caption\":\"Klar til healing\"},\"image\":{\"@id\":\"https:\\\/\\\/www.klartilhealing.dk\\\/#\\\/schema\\\/logo\\\/image\\\/\"},\"sameAs\":[\"https:\\\/\\\/www.facebook.com\\\/klartilhealing\"]}]}<\/script>\n<!-- \/ Yoast SEO plugin. -->","yoast_head_json":{"title":"Healing- & meditationsaften - m\u00e5nedlig i for\u00e5r 2026 - Klar til healing","description":"Healing- & meditationsaften - m\u00e5nedlig i for\u00e5r 2026 Klar til healing %","robots":{"index":"index","follow":"follow","max-snippet":"max-snippet:-1","max-image-preview":"max-image-preview:large","max-video-preview":"max-video-preview:-1"},"canonical":"https:\/\/www.klartilhealing.dk\/index.php\/vare\/gruppemeditation\/","og_locale":"da_DK","og_type":"article","og_title":"Healing- & meditationsaften - m\u00e5nedlig i for\u00e5r 2026 - Klar til healing","og_description":"Healing- & meditationsaften - m\u00e5nedlig i for\u00e5r 2026 Klar til healing %","og_url":"https:\/\/www.klartilhealing.dk\/index.php\/vare\/gruppemeditation\/","og_site_name":"Klar til healing","article_publisher":"https:\/\/www.facebook.com\/klartilhealing","article_modified_time":"2026-04-09T19:03:37+00:00","og_image":[{"width":600,"height":800,"url":"https:\/\/www.klartilhealing.dk\/wp-content\/uploads\/2024\/05\/Vesterhavet-meditation.jpg","type":"image\/jpeg"}],"twitter_card":"summary_large_image","schema":{"@context":"https:\/\/schema.org","@graph":[{"@type":"WebPage","@id":"https:\/\/www.klartilhealing.dk\/index.php\/vare\/gruppemeditation\/","url":"https:\/\/www.klartilhealing.dk\/index.php\/vare\/gruppemeditation\/","name":"Healing- & meditationsaften - m\u00e5nedlig i for\u00e5r 2026 - Klar til healing","isPartOf":{"@id":"https:\/\/www.klartilhealing.dk\/#website"},"primaryImageOfPage":{"@id":"https:\/\/www.klartilhealing.dk\/index.php\/vare\/gruppemeditation\/#primaryimage"},"image":{"@id":"https:\/\/www.klartilhealing.dk\/index.php\/vare\/gruppemeditation\/#primaryimage"},"thumbnailUrl":"https:\/\/www.klartilhealing.dk\/wp-content\/uploads\/2024\/05\/Vesterhavet-meditation.jpg","datePublished":"2025-11-03T10:34:47+00:00","dateModified":"2026-04-09T19:03:37+00:00","description":"Healing- & meditationsaften - m\u00e5nedlig i for\u00e5r 2026 Klar til healing %","breadcrumb":{"@id":"https:\/\/www.klartilhealing.dk\/index.php\/vare\/gruppemeditation\/#breadcrumb"},"inLanguage":"da-DK","potentialAction":[{"@type":"ReadAction","target":["https:\/\/www.klartilhealing.dk\/index.php\/vare\/gruppemeditation\/"]}]},{"@type":"ImageObject","inLanguage":"da-DK","@id":"https:\/\/www.klartilhealing.dk\/index.php\/vare\/gruppemeditation\/#primaryimage","url":"https:\/\/www.klartilhealing.dk\/wp-content\/uploads\/2024\/05\/Vesterhavet-meditation.jpg","contentUrl":"https:\/\/www.klartilhealing.dk\/wp-content\/uploads\/2024\/05\/Vesterhavet-meditation.jpg","width":600,"height":800,"caption":"Havkig fra yderste klitr\u00e6kke."},{"@type":"BreadcrumbList","@id":"https:\/\/www.klartilhealing.dk\/index.php\/vare\/gruppemeditation\/#breadcrumb","itemListElement":[{"@type":"ListItem","position":1,"name":"Hjem","item":"https:\/\/www.klartilhealing.dk\/"},{"@type":"ListItem","position":2,"name":"BUTIK","item":"https:\/\/www.klartilhealing.dk\/index.php\/butik\/"},{"@type":"ListItem","position":3,"name":"Healing- &#038; meditationsaften &#8211; m\u00e5nedlig i for\u00e5r 2026"}]},{"@type":"WebSite","@id":"https:\/\/www.klartilhealing.dk\/#website","url":"https:\/\/www.klartilhealing.dk\/","name":"Klar til healing","description":"Christina Diddi Adolph","publisher":{"@id":"https:\/\/www.klartilhealing.dk\/#organization"},"potentialAction":[{"@type":"SearchAction","target":{"@type":"EntryPoint","urlTemplate":"https:\/\/www.klartilhealing.dk\/?s={search_term_string}"},"query-input":{"@type":"PropertyValueSpecification","valueRequired":true,"valueName":"search_term_string"}}],"inLanguage":"da-DK"},{"@type":"Organization","@id":"https:\/\/www.klartilhealing.dk\/#organization","name":"Klar til healing","alternateName":"Christina Diddi Adolph","url":"https:\/\/www.klartilhealing.dk\/","logo":{"@type":"ImageObject","inLanguage":"da-DK","@id":"https:\/\/www.klartilhealing.dk\/#\/schema\/logo\/image\/","url":"https:\/\/www.klartilhealing.dk\/wp-content\/uploads\/2024\/05\/cropped-Transperant-logo-med-prikker.png","contentUrl":"https:\/\/www.klartilhealing.dk\/wp-content\/uploads\/2024\/05\/cropped-Transperant-logo-med-prikker.png","width":512,"height":512,"caption":"Klar til healing"},"image":{"@id":"https:\/\/www.klartilhealing.dk\/#\/schema\/logo\/image\/"},"sameAs":["https:\/\/www.facebook.com\/klartilhealing"]}]}},"_links":{"self":[{"href":"https:\/\/www.klartilhealing.dk\/index.php\/wp-json\/wp\/v2\/product\/1529","targetHints":{"allow":["GET"]}}],"collection":[{"href":"https:\/\/www.klartilhealing.dk\/index.php\/wp-json\/wp\/v2\/product"}],"about":[{"href":"https:\/\/www.klartilhealing.dk\/index.php\/wp-json\/wp\/v2\/types\/product"}],"wp:featuredmedia":[{"embeddable":true,"href":"https:\/\/www.klartilhealing.dk\/index.php\/wp-json\/wp\/v2\/media\/576"}],"wp:attachment":[{"href":"https:\/\/www.klartilhealing.dk\/index.php\/wp-json\/wp\/v2\/media?parent=1529"}],"wp:term":[{"taxonomy":"product_brand","embeddable":true,"href":"https:\/\/www.klartilhealing.dk\/index.php\/wp-json\/wp\/v2\/product_brand?post=1529"},{"taxonomy":"product_cat","embeddable":true,"href":"https:\/\/www.klartilhealing.dk\/index.php\/wp-json\/wp\/v2\/product_cat?post=1529"},{"taxonomy":"product_tag","embeddable":true,"href":"https:\/\/www.klartilhealing.dk\/index.php\/wp-json\/wp\/v2\/product_tag?post=1529"}],"curies":[{"name":"wp","href":"https:\/\/api.w.org\/{rel}","templated":true}]}}

Healing- &#038; meditationsaften &#8211; månedlig i forår 2026

<p>Du modtager en afslapningsøvelse, en guidet meditation og en healing. <br />Jeg får dig til at slappe af og slippe uro og giver din krop mulighed for at genvinde balancen. <br />Den guidede meditation, giver dig mulighed for at modtage den gruppehealing jeg vil give efterfølgende.</p>
<p>Du går fra aftenen, afslappet og i balance; klar til at komme hjem i seng og vågne lidt friskere næste dag. </p>

<p><strong>Datoer :</strong> 8 januar &#8211; 19. februar &#8211; 19.marts &#8211; 16.april &#8211; 21.maj<br /><strong>Tidspunkt</strong>: kl. 19.00 &#8211; 20.30 <br /><strong>Medbring:</strong> Vand til før og efter meditationen. <br />(Ønsker du i stedet at sidde, har jeg almindelige stole med armlæn til rådighed)<br /><strong>Deltagere;</strong> max. 6 og min 3 deltagere</p>
<p><strong>Pris: </strong>140 kr. pr. gang eller 600 kr. samlet for alle 5 aftener. <br /><strong>Tilmeldingsfrist:</strong> Senest dagen før <br /><strong>Tilmelding: </strong>Du tilmelder dig via betalings-linket, ved at vælge dato, samt betale din bestilling.<br />(Din tilmelding er først gældende når din betaling er modtaget)</p>

<!-- This site is optimized with the Yoast SEO plugin v27.3 - https://yoast.com/product/yoast-seo-wordpress/ -->
<title>Healing- &amp; meditationsaften - månedlig i forår 2026 - Klar til healing</title>
<meta name="description" content="Healing- &amp; meditationsaften - månedlig i forår 2026 Klar til healing %" />
<meta name="robots" content="index, follow, max-snippet:-1, max-image-preview:large, max-video-preview:-1" />
<link rel="canonical" href="https://www.klartilhealing.dk/index.php/vare/gruppemeditation/" />
<meta property="og:locale" content="da_DK" />
<meta property="og:type" content="article" />
<meta property="og:title" content="Healing- &amp; meditationsaften - månedlig i forår 2026 - Klar til healing" />
<meta property="og:description" content="Healing- &amp; meditationsaften - månedlig i forår 2026 Klar til healing %" />
<meta property="og:url" content="https://www.klartilhealing.dk/index.php/vare/gruppemeditation/" />
<meta property="og:site_name" content="Klar til healing" />
<meta property="article:publisher" content="https://www.facebook.com/klartilhealing" />
<meta property="article:modified_time" content="2026-04-09T19:03:37+00:00" />
<meta property="og:image" content="https://www.klartilhealing.dk/wp-content/uploads/2024/05/Vesterhavet-meditation.jpg" />
	<meta property="og:image:width" content="600" />
	<meta property="og:image:height" content="800" />
	<meta property="og:image:type" content="image/jpeg" />
<meta name="twitter:card" content="summary_large_image" />
<script type="application/ld+json" class="yoast-schema-graph">{"@context":"https:\/\/schema.org","@graph":[{"@type":"WebPage","@id":"https:\/\/www.klartilhealing.dk\/index.php\/vare\/gruppemeditation\/","url":"https:\/\/www.klartilhealing.dk\/index.php\/vare\/gruppemeditation\/","name":"Healing- & meditationsaften - månedlig i forår 2026 - Klar til healing","isPartOf":{"@id":"https:\/\/www.klartilhealing.dk\/#website"},"primaryImageOfPage":{"@id":"https:\/\/www.klartilhealing.dk\/index.php\/vare\/gruppemeditation\/#primaryimage"},"image":{"@id":"https:\/\/www.klartilhealing.dk\/index.php\/vare\/gruppemeditation\/#primaryimage"},"thumbnailUrl":"https:\/\/www.klartilhealing.dk\/wp-content\/uploads\/2024\/05\/Vesterhavet-meditation.jpg","datePublished":"2025-11-03T10:34:47+00:00","dateModified":"2026-04-09T19:03:37+00:00","description":"Healing- & meditationsaften - månedlig i forår 2026 Klar til healing %","breadcrumb":{"@id":"https:\/\/www.klartilhealing.dk\/index.php\/vare\/gruppemeditation\/#breadcrumb"},"inLanguage":"da-DK","potentialAction":[{"@type":"ReadAction","target":["https:\/\/www.klartilhealing.dk\/index.php\/vare\/gruppemeditation\/"]}]},{"@type":"ImageObject","inLanguage":"da-DK","@id":"https:\/\/www.klartilhealing.dk\/index.php\/vare\/gruppemeditation\/#primaryimage","url":"https:\/\/www.klartilhealing.dk\/wp-content\/uploads\/2024\/05\/Vesterhavet-meditation.jpg","contentUrl":"https:\/\/www.klartilhealing.dk\/wp-content\/uploads\/2024\/05\/Vesterhavet-meditation.jpg","width":600,"height":800,"caption":"Havkig fra yderste klitrække."},{"@type":"BreadcrumbList","@id":"https:\/\/www.klartilhealing.dk\/index.php\/vare\/gruppemeditation\/#breadcrumb","itemListElement":[{"@type":"ListItem","position":1,"name":"Hjem","item":"https:\/\/www.klartilhealing.dk\/"},{"@type":"ListItem","position":2,"name":"BUTIK","item":"https:\/\/www.klartilhealing.dk\/index.php\/butik\/"},{"@type":"ListItem","position":3,"name":"Healing- &#038; meditationsaften &#8211; månedlig i forår 2026"}]},{"@type":"WebSite","@id":"https:\/\/www.klartilhealing.dk\/#website","url":"https:\/\/www.klartilhealing.dk\/","name":"Klar til healing","description":"Christina Diddi Adolph","publisher":{"@id":"https:\/\/www.klartilhealing.dk\/#organization"},"potentialAction":[{"@type":"SearchAction","target":{"@type":"EntryPoint","urlTemplate":"https:\/\/www.klartilhealing.dk\/?s={search_term_string}"},"query-input":{"@type":"PropertyValueSpecification","valueRequired":true,"valueName":"search_term_string"}}],"inLanguage":"da-DK"},{"@type":"Organization","@id":"https:\/\/www.klartilhealing.dk\/#organization","name":"Klar til healing","alternateName":"Christina Diddi Adolph","url":"https:\/\/www.klartilhealing.dk\/","logo":{"@type":"ImageObject","inLanguage":"da-DK","@id":"https:\/\/www.klartilhealing.dk\/#\/schema\/logo\/image\/","url":"https:\/\/www.klartilhealing.dk\/wp-content\/uploads\/2024\/05\/cropped-Transperant-logo-med-prikker.png","contentUrl":"https:\/\/www.klartilhealing.dk\/wp-content\/uploads\/2024\/05\/cropped-Transperant-logo-med-prikker.png","width":512,"height":512,"caption":"Klar til healing"},"image":{"@id":"https:\/\/www.klartilhealing.dk\/#\/schema\/logo\/image\/"},"sameAs":["https:\/\/www.facebook.com\/klartilhealing"]}]}</script>
<!-- / Yoast SEO plugin. -->

Healing- & meditationsaften - månedlig i forår 2026 - Klar til healing

Healing- & meditationsaften - månedlig i forår 2026 Klar til healing %

Havkig fra yderste klitrække.
