{"id":48,"date":"2024-04-15T17:27:26","date_gmt":"2024-04-15T15:27:26","guid":{"rendered":"https:\/\/www.klartilhealing.dk\/?page_id=48"},"modified":"2025-12-28T00:15:53","modified_gmt":"2025-12-27T22:15:53","slug":"formidling","status":"publish","type":"page","link":"https:\/\/www.klartilhealing.dk\/index.php\/formidling\/","title":{"rendered":"FORMIDLING"},"content":{"rendered":"\n<div class=\"wp-block-group\"><div class=\"wp-block-group__inner-container is-layout-constrained wp-block-group-is-layout-constrained\">\n<div class=\"wp-block-group has-background\" style=\"background:linear-gradient(135deg,rgb(238,238,238) 0%,rgb(169,184,195) 60%)\"><div class=\"wp-block-group__inner-container is-layout-constrained wp-block-group-is-layout-constrained\">\n<h2 class=\"wp-block-heading\">Hvad betyder det at formidle spirituelt?<\/h2>\n\n\n\n<p class=\"has-theme-palette-3-color has-text-color has-link-color wp-elements-cabb12f4e999e870a2c489159d9bb21b\">At formidle spirituelt betyder, at mediet har kontakt med &#8220;den anden side&#8221;, imens du sidder sammen med mediet. Under dette m\u00f8de videregiver mediet informationerne til modtageren, som vil v\u00e6re dig.&nbsp;<\/p>\n\n\n\n<p class=\"has-theme-palette-3-color has-text-color has-link-color wp-elements-a21df2bd3268d108ba448b2823be485c\">N\u00e5r jeg bruger begrebet &#8220;den anden side&#8221;, d\u00e6kker det over en samlet gruppe. Denne gruppe best\u00e5r af dine afd\u00f8de relationer, dine guider, hj\u00e6lpere, din skyts\u00e5nd, dit h\u00f8jere selv og ikke mindst den universelle kraft. Alle, som gerne vil have kontakt og informere dig om noget.<br>Jeg sidder mellem dig &amp; den anden side som forbindelsesled.  Jeg videregiver informationerne s\u00e5 &#8220;r\u00e5&#8221; som muligt fra den anden side til dig som modtager.&nbsp;<\/p>\n\n\n\n<p class=\"has-theme-palette-3-color has-text-color has-link-color wp-elements-b7e168785db70b18369cd6599baca93b\">Jeg er et medie, som er st\u00e6rkest i at modtage billeder\/film, m\u00e6rke f\u00f8lelser og modtage viden, hvilket er kendt som klarsyn, klarf\u00f8lelse og klarviden.&nbsp; Jeg beskriver derfor det, jeg f\u00e5r fra den anden side, og s\u00e6tter ord p\u00e5 til dig, som modtager, da du jo ikke kan se, f\u00f8le eller vide, det jeg modtager.&nbsp;<\/p>\n<\/div><\/div>\n<\/div><\/div>\n\n\n\n<h1 class=\"wp-block-heading has-text-align-center has-link-color wp-elements-0ddb30cadcd9bee6aa9f7623fff3eacc\">Formidlinger<\/h1>\n\n\n\n<p class=\"has-text-align-center\">(<a href=\"https:\/\/www.klartilhealing.dk\/index.php\/vare-kategori\/formidling-1-1\/\">Pris og information her<\/a>)<\/p>\n\n\n\n<div class=\"wp-block-query is-layout-flow wp-block-query-is-layout-flow\">\n<div class=\"wp-block-columns is-layout-flex wp-container-core-columns-is-layout-9d6595d7 wp-block-columns-is-layout-flex\" style=\"border-style:none;border-width:0px\">\n<div class=\"wp-block-column is-layout-flow wp-block-column-is-layout-flow\" style=\"flex-basis:100%\"><ul class=\"wp-block-latest-posts__list is-grid columns-3 wp-block-latest-posts\"><li><div class=\"wp-block-latest-posts__featured-image\"><a href=\"https:\/\/www.klartilhealing.dk\/index.php\/2024\/05\/05\/afdoedekontakt\/\" aria-label=\"Afd\u00f8dekontakt\"><img loading=\"lazy\" decoding=\"async\" width=\"150\" height=\"150\" src=\"https:\/\/www.klartilhealing.dk\/wp-content\/uploads\/2024\/05\/Guddommelig-himmel-min-150x150.jpg\" class=\"attachment-thumbnail size-thumbnail wp-post-image\" alt=\"Gr\u00e5 skyformation\" style=\"\" srcset=\"https:\/\/www.klartilhealing.dk\/wp-content\/uploads\/2024\/05\/Guddommelig-himmel-min-150x150.jpg 150w, https:\/\/www.klartilhealing.dk\/wp-content\/uploads\/2024\/05\/Guddommelig-himmel-min-300x300.jpg 300w, https:\/\/www.klartilhealing.dk\/wp-content\/uploads\/2024\/05\/Guddommelig-himmel-min-100x100.jpg 100w\" sizes=\"auto, (max-width: 150px) 100vw, 150px\" \/><\/a><\/div><a class=\"wp-block-latest-posts__post-title\" href=\"https:\/\/www.klartilhealing.dk\/index.php\/2024\/05\/05\/afdoedekontakt\/\">Afd\u00f8dekontakt<\/a><\/li>\n<li><div class=\"wp-block-latest-posts__featured-image\"><a href=\"https:\/\/www.klartilhealing.dk\/index.php\/2024\/04\/30\/clairvoyance\/\" aria-label=\"Clairvoyance\"><img loading=\"lazy\" decoding=\"async\" width=\"150\" height=\"150\" src=\"https:\/\/www.klartilhealing.dk\/wp-content\/uploads\/2024\/05\/Veje-min-150x150.jpg\" class=\"attachment-thumbnail size-thumbnail wp-post-image\" alt=\"Tilvokset asfaltvej\" style=\"\" srcset=\"https:\/\/www.klartilhealing.dk\/wp-content\/uploads\/2024\/05\/Veje-min-150x150.jpg 150w, https:\/\/www.klartilhealing.dk\/wp-content\/uploads\/2024\/05\/Veje-min-300x300.jpg 300w, https:\/\/www.klartilhealing.dk\/wp-content\/uploads\/2024\/05\/Veje-min-100x100.jpg 100w, https:\/\/www.klartilhealing.dk\/wp-content\/uploads\/2024\/05\/Veje-min.jpg 600w\" sizes=\"auto, (max-width: 150px) 100vw, 150px\" \/><\/a><\/div><a class=\"wp-block-latest-posts__post-title\" href=\"https:\/\/www.klartilhealing.dk\/index.php\/2024\/04\/30\/clairvoyance\/\">Clairvoyance<\/a><\/li>\n<li><div class=\"wp-block-latest-posts__featured-image\"><a href=\"https:\/\/www.klartilhealing.dk\/index.php\/2024\/05\/05\/healing\/\" aria-label=\"Healing\"><img loading=\"lazy\" decoding=\"async\" width=\"150\" height=\"150\" src=\"https:\/\/www.klartilhealing.dk\/wp-content\/uploads\/2024\/05\/Vesterhavet-meditation-150x150.jpg\" class=\"attachment-thumbnail size-thumbnail wp-post-image\" alt=\"Havkig fra yderste klitr\u00e6kke.\" style=\"\" srcset=\"https:\/\/www.klartilhealing.dk\/wp-content\/uploads\/2024\/05\/Vesterhavet-meditation-150x150.jpg 150w, https:\/\/www.klartilhealing.dk\/wp-content\/uploads\/2024\/05\/Vesterhavet-meditation-300x300.jpg 300w, https:\/\/www.klartilhealing.dk\/wp-content\/uploads\/2024\/05\/Vesterhavet-meditation-100x100.jpg 100w\" sizes=\"auto, (max-width: 150px) 100vw, 150px\" \/><\/a><\/div><a class=\"wp-block-latest-posts__post-title\" href=\"https:\/\/www.klartilhealing.dk\/index.php\/2024\/05\/05\/healing\/\">Healing<\/a><\/li>\n<li><div class=\"wp-block-latest-posts__featured-image\"><a href=\"https:\/\/www.klartilhealing.dk\/index.php\/2024\/04\/11\/husrens\/\" aria-label=\"Husrens\"><img loading=\"lazy\" decoding=\"async\" width=\"150\" height=\"150\" src=\"https:\/\/www.klartilhealing.dk\/wp-content\/uploads\/2024\/04\/Forladt-hus-min-150x150.jpg\" class=\"attachment-thumbnail size-thumbnail wp-post-image\" alt=\"\" style=\"\" srcset=\"https:\/\/www.klartilhealing.dk\/wp-content\/uploads\/2024\/04\/Forladt-hus-min-150x150.jpg 150w, https:\/\/www.klartilhealing.dk\/wp-content\/uploads\/2024\/04\/Forladt-hus-min-300x300.jpg 300w, https:\/\/www.klartilhealing.dk\/wp-content\/uploads\/2024\/04\/Forladt-hus-min-100x100.jpg 100w, https:\/\/www.klartilhealing.dk\/wp-content\/uploads\/2024\/04\/Forladt-hus-min.jpg 600w\" sizes=\"auto, (max-width: 150px) 100vw, 150px\" \/><\/a><\/div><a class=\"wp-block-latest-posts__post-title\" href=\"https:\/\/www.klartilhealing.dk\/index.php\/2024\/04\/11\/husrens\/\">Husrens<\/a><\/li>\n<li><div class=\"wp-block-latest-posts__featured-image\"><a href=\"https:\/\/www.klartilhealing.dk\/index.php\/2024\/05\/05\/spirituelle-samtaler\/\" aria-label=\"Spirituelle samtaler\"><img loading=\"lazy\" decoding=\"async\" width=\"150\" height=\"150\" src=\"https:\/\/www.klartilhealing.dk\/wp-content\/uploads\/2025\/12\/2-stole-i-naturen-150x150.jpg\" class=\"attachment-thumbnail size-thumbnail wp-post-image\" alt=\"2 stole i naturen.\" style=\"\" srcset=\"https:\/\/www.klartilhealing.dk\/wp-content\/uploads\/2025\/12\/2-stole-i-naturen-150x150.jpg 150w, https:\/\/www.klartilhealing.dk\/wp-content\/uploads\/2025\/12\/2-stole-i-naturen-300x300.jpg 300w, https:\/\/www.klartilhealing.dk\/wp-content\/uploads\/2025\/12\/2-stole-i-naturen-100x100.jpg 100w\" sizes=\"auto, (max-width: 150px) 100vw, 150px\" \/><\/a><\/div><a class=\"wp-block-latest-posts__post-title\" href=\"https:\/\/www.klartilhealing.dk\/index.php\/2024\/05\/05\/spirituelle-samtaler\/\">Spirituelle samtaler<\/a><\/li>\n<li><div class=\"wp-block-latest-posts__featured-image\"><a href=\"https:\/\/www.klartilhealing.dk\/index.php\/2024\/05\/05\/spirituel-traening\/\" aria-label=\"Tr\u00e6ning\"><img loading=\"lazy\" decoding=\"async\" width=\"150\" height=\"150\" src=\"https:\/\/www.klartilhealing.dk\/wp-content\/uploads\/2024\/05\/Glas-kugler-150x150.jpg\" class=\"attachment-thumbnail size-thumbnail wp-post-image\" alt=\"Glaskugler i luften\" style=\"\" srcset=\"https:\/\/www.klartilhealing.dk\/wp-content\/uploads\/2024\/05\/Glas-kugler-150x150.jpg 150w, https:\/\/www.klartilhealing.dk\/wp-content\/uploads\/2024\/05\/Glas-kugler-300x300.jpg 300w, https:\/\/www.klartilhealing.dk\/wp-content\/uploads\/2024\/05\/Glas-kugler-100x100.jpg 100w\" sizes=\"auto, (max-width: 150px) 100vw, 150px\" \/><\/a><\/div><a class=\"wp-block-latest-posts__post-title\" href=\"https:\/\/www.klartilhealing.dk\/index.php\/2024\/05\/05\/spirituel-traening\/\">Tr\u00e6ning<\/a><\/li>\n<\/ul><\/div>\n<\/div>\n<\/div>\n\n\n\n<p><\/p>\n","protected":false},"excerpt":{"rendered":"<p>Hvad betyder det at formidle spirituelt? At formidle spirituelt betyder, at mediet har kontakt med &#8220;den anden side&#8221;, imens du sidder sammen med mediet. Under dette m\u00f8de videregiver mediet informationerne til modtageren, som vil v\u00e6re dig.&nbsp; N\u00e5r jeg bruger begrebet &#8220;den anden side&#8221;, d\u00e6kker det over en samlet gruppe. Denne gruppe best\u00e5r af dine afd\u00f8de&#8230;<\/p>\n","protected":false},"author":1,"featured_media":0,"parent":0,"menu_order":0,"comment_status":"closed","ping_status":"closed","template":"","meta":{"_kad_post_transparent":"default","_kad_post_title":"default","_kad_post_layout":"default","_kad_post_sidebar_id":"","_kad_post_content_style":"default","_kad_post_vertical_padding":"default","_kad_post_feature":"","_kad_post_feature_position":"","_kad_post_header":false,"_kad_post_footer":false,"_kad_post_classname":"","footnotes":""},"class_list":["post-48","page","type-page","status-publish","hentry"],"yoast_head":"<!-- This site is optimized with the Yoast SEO plugin v27.3 - https:\/\/yoast.com\/product\/yoast-seo-wordpress\/ -->\n<title>FORMIDLING - fra &quot;den anden side&quot; v\/ Christina Diddi Adolph<\/title>\n<meta name=\"description\" content=\"FORMIDLING spirituel igennem et mediet, hvor vi f\u00e5r kontakt til den anden side kan modtage en clairvoyance eller blive tr\u00e6net i dine evner\" \/>\n<meta name=\"robots\" content=\"index, follow, max-snippet:-1, max-image-preview:large, max-video-preview:-1\" \/>\n<link rel=\"canonical\" href=\"https:\/\/www.klartilhealing.dk\/index.php\/formidling\/\" \/>\n<meta property=\"og:locale\" content=\"da_DK\" \/>\n<meta property=\"og:type\" content=\"article\" \/>\n<meta property=\"og:title\" content=\"FORMIDLING - fra &quot;den anden side&quot; v\/ Christina Diddi Adolph\" \/>\n<meta property=\"og:description\" content=\"FORMIDLING spirituel igennem et mediet, hvor vi f\u00e5r kontakt til den anden side kan modtage en clairvoyance eller blive tr\u00e6net i dine evner\" \/>\n<meta property=\"og:url\" content=\"https:\/\/www.klartilhealing.dk\/index.php\/formidling\/\" \/>\n<meta property=\"og:site_name\" content=\"Klar til healing\" \/>\n<meta property=\"article:publisher\" content=\"https:\/\/www.facebook.com\/klartilhealing\" \/>\n<meta property=\"article:modified_time\" content=\"2025-12-27T22:15:53+00:00\" \/>\n<meta name=\"twitter:card\" content=\"summary_large_image\" \/>\n<meta name=\"twitter:label1\" content=\"Estimeret l\u00e6setid\" \/>\n\t<meta name=\"twitter:data1\" content=\"1 minut\" \/>\n<script type=\"application\/ld+json\" class=\"yoast-schema-graph\">{\"@context\":\"https:\\\/\\\/schema.org\",\"@graph\":[{\"@type\":\"WebPage\",\"@id\":\"https:\\\/\\\/www.klartilhealing.dk\\\/index.php\\\/formidling\\\/\",\"url\":\"https:\\\/\\\/www.klartilhealing.dk\\\/index.php\\\/formidling\\\/\",\"name\":\"FORMIDLING - fra \\\"den anden side\\\" v\\\/ Christina Diddi Adolph\",\"isPartOf\":{\"@id\":\"https:\\\/\\\/www.klartilhealing.dk\\\/#website\"},\"datePublished\":\"2024-04-15T15:27:26+00:00\",\"dateModified\":\"2025-12-27T22:15:53+00:00\",\"description\":\"FORMIDLING spirituel igennem et mediet, hvor vi f\u00e5r kontakt til den anden side kan modtage en clairvoyance eller blive tr\u00e6net i dine evner\",\"breadcrumb\":{\"@id\":\"https:\\\/\\\/www.klartilhealing.dk\\\/index.php\\\/formidling\\\/#breadcrumb\"},\"inLanguage\":\"da-DK\",\"potentialAction\":[{\"@type\":\"ReadAction\",\"target\":[\"https:\\\/\\\/www.klartilhealing.dk\\\/index.php\\\/formidling\\\/\"]}]},{\"@type\":\"BreadcrumbList\",\"@id\":\"https:\\\/\\\/www.klartilhealing.dk\\\/index.php\\\/formidling\\\/#breadcrumb\",\"itemListElement\":[{\"@type\":\"ListItem\",\"position\":1,\"name\":\"Hjem\",\"item\":\"https:\\\/\\\/www.klartilhealing.dk\\\/\"},{\"@type\":\"ListItem\",\"position\":2,\"name\":\"FORMIDLING\"}]},{\"@type\":\"WebSite\",\"@id\":\"https:\\\/\\\/www.klartilhealing.dk\\\/#website\",\"url\":\"https:\\\/\\\/www.klartilhealing.dk\\\/\",\"name\":\"Klar til healing\",\"description\":\"Christina Diddi Adolph\",\"publisher\":{\"@id\":\"https:\\\/\\\/www.klartilhealing.dk\\\/#organization\"},\"potentialAction\":[{\"@type\":\"SearchAction\",\"target\":{\"@type\":\"EntryPoint\",\"urlTemplate\":\"https:\\\/\\\/www.klartilhealing.dk\\\/?s={search_term_string}\"},\"query-input\":{\"@type\":\"PropertyValueSpecification\",\"valueRequired\":true,\"valueName\":\"search_term_string\"}}],\"inLanguage\":\"da-DK\"},{\"@type\":\"Organization\",\"@id\":\"https:\\\/\\\/www.klartilhealing.dk\\\/#organization\",\"name\":\"Klar til healing\",\"alternateName\":\"Christina Diddi Adolph\",\"url\":\"https:\\\/\\\/www.klartilhealing.dk\\\/\",\"logo\":{\"@type\":\"ImageObject\",\"inLanguage\":\"da-DK\",\"@id\":\"https:\\\/\\\/www.klartilhealing.dk\\\/#\\\/schema\\\/logo\\\/image\\\/\",\"url\":\"https:\\\/\\\/www.klartilhealing.dk\\\/wp-content\\\/uploads\\\/2024\\\/05\\\/cropped-Transperant-logo-med-prikker.png\",\"contentUrl\":\"https:\\\/\\\/www.klartilhealing.dk\\\/wp-content\\\/uploads\\\/2024\\\/05\\\/cropped-Transperant-logo-med-prikker.png\",\"width\":512,\"height\":512,\"caption\":\"Klar til healing\"},\"image\":{\"@id\":\"https:\\\/\\\/www.klartilhealing.dk\\\/#\\\/schema\\\/logo\\\/image\\\/\"},\"sameAs\":[\"https:\\\/\\\/www.facebook.com\\\/klartilhealing\"]}]}<\/script>\n<!-- \/ Yoast SEO plugin. -->","yoast_head_json":{"title":"FORMIDLING - fra \"den anden side\" v\/ Christina Diddi Adolph","description":"FORMIDLING spirituel igennem et mediet, hvor vi f\u00e5r kontakt til den anden side kan modtage en clairvoyance eller blive tr\u00e6net i dine evner","robots":{"index":"index","follow":"follow","max-snippet":"max-snippet:-1","max-image-preview":"max-image-preview:large","max-video-preview":"max-video-preview:-1"},"canonical":"https:\/\/www.klartilhealing.dk\/index.php\/formidling\/","og_locale":"da_DK","og_type":"article","og_title":"FORMIDLING - fra \"den anden side\" v\/ Christina Diddi Adolph","og_description":"FORMIDLING spirituel igennem et mediet, hvor vi f\u00e5r kontakt til den anden side kan modtage en clairvoyance eller blive tr\u00e6net i dine evner","og_url":"https:\/\/www.klartilhealing.dk\/index.php\/formidling\/","og_site_name":"Klar til healing","article_publisher":"https:\/\/www.facebook.com\/klartilhealing","article_modified_time":"2025-12-27T22:15:53+00:00","twitter_card":"summary_large_image","twitter_misc":{"Estimeret l\u00e6setid":"1 minut"},"schema":{"@context":"https:\/\/schema.org","@graph":[{"@type":"WebPage","@id":"https:\/\/www.klartilhealing.dk\/index.php\/formidling\/","url":"https:\/\/www.klartilhealing.dk\/index.php\/formidling\/","name":"FORMIDLING - fra \"den anden side\" v\/ Christina Diddi Adolph","isPartOf":{"@id":"https:\/\/www.klartilhealing.dk\/#website"},"datePublished":"2024-04-15T15:27:26+00:00","dateModified":"2025-12-27T22:15:53+00:00","description":"FORMIDLING spirituel igennem et mediet, hvor vi f\u00e5r kontakt til den anden side kan modtage en clairvoyance eller blive tr\u00e6net i dine evner","breadcrumb":{"@id":"https:\/\/www.klartilhealing.dk\/index.php\/formidling\/#breadcrumb"},"inLanguage":"da-DK","potentialAction":[{"@type":"ReadAction","target":["https:\/\/www.klartilhealing.dk\/index.php\/formidling\/"]}]},{"@type":"BreadcrumbList","@id":"https:\/\/www.klartilhealing.dk\/index.php\/formidling\/#breadcrumb","itemListElement":[{"@type":"ListItem","position":1,"name":"Hjem","item":"https:\/\/www.klartilhealing.dk\/"},{"@type":"ListItem","position":2,"name":"FORMIDLING"}]},{"@type":"WebSite","@id":"https:\/\/www.klartilhealing.dk\/#website","url":"https:\/\/www.klartilhealing.dk\/","name":"Klar til healing","description":"Christina Diddi Adolph","publisher":{"@id":"https:\/\/www.klartilhealing.dk\/#organization"},"potentialAction":[{"@type":"SearchAction","target":{"@type":"EntryPoint","urlTemplate":"https:\/\/www.klartilhealing.dk\/?s={search_term_string}"},"query-input":{"@type":"PropertyValueSpecification","valueRequired":true,"valueName":"search_term_string"}}],"inLanguage":"da-DK"},{"@type":"Organization","@id":"https:\/\/www.klartilhealing.dk\/#organization","name":"Klar til healing","alternateName":"Christina Diddi Adolph","url":"https:\/\/www.klartilhealing.dk\/","logo":{"@type":"ImageObject","inLanguage":"da-DK","@id":"https:\/\/www.klartilhealing.dk\/#\/schema\/logo\/image\/","url":"https:\/\/www.klartilhealing.dk\/wp-content\/uploads\/2024\/05\/cropped-Transperant-logo-med-prikker.png","contentUrl":"https:\/\/www.klartilhealing.dk\/wp-content\/uploads\/2024\/05\/cropped-Transperant-logo-med-prikker.png","width":512,"height":512,"caption":"Klar til healing"},"image":{"@id":"https:\/\/www.klartilhealing.dk\/#\/schema\/logo\/image\/"},"sameAs":["https:\/\/www.facebook.com\/klartilhealing"]}]}},"_links":{"self":[{"href":"https:\/\/www.klartilhealing.dk\/index.php\/wp-json\/wp\/v2\/pages\/48","targetHints":{"allow":["GET"]}}],"collection":[{"href":"https:\/\/www.klartilhealing.dk\/index.php\/wp-json\/wp\/v2\/pages"}],"about":[{"href":"https:\/\/www.klartilhealing.dk\/index.php\/wp-json\/wp\/v2\/types\/page"}],"author":[{"embeddable":true,"href":"https:\/\/www.klartilhealing.dk\/index.php\/wp-json\/wp\/v2\/users\/1"}],"replies":[{"embeddable":true,"href":"https:\/\/www.klartilhealing.dk\/index.php\/wp-json\/wp\/v2\/comments?post=48"}],"version-history":[{"count":1,"href":"https:\/\/www.klartilhealing.dk\/index.php\/wp-json\/wp\/v2\/pages\/48\/revisions"}],"predecessor-version":[{"id":1315,"href":"https:\/\/www.klartilhealing.dk\/index.php\/wp-json\/wp\/v2\/pages\/48\/revisions\/1315"}],"wp:attachment":[{"href":"https:\/\/www.klartilhealing.dk\/index.php\/wp-json\/wp\/v2\/media?parent=48"}],"curies":[{"name":"wp","href":"https:\/\/api.w.org\/{rel}","templated":true}]}}