{"id":46,"date":"2024-04-15T17:26:55","date_gmt":"2024-04-15T15:26:55","guid":{"rendered":"https:\/\/www.klartilhealing.dk\/?page_id=46"},"modified":"2026-04-09T18:09:50","modified_gmt":"2026-04-09T16:09:50","slug":"christina-diddi-adolph","status":"publish","type":"page","link":"https:\/\/www.klartilhealing.dk\/index.php\/christina-diddi-adolph\/","title":{"rendered":"KONTAKT"},"content":{"rendered":"\n<h1 class=\"wp-block-heading\">Kontakt<\/h1>\n\n\n\n<div class=\"wp-block-columns is-layout-flex wp-container-core-columns-is-layout-9d6595d7 wp-block-columns-is-layout-flex\">\n<div class=\"wp-block-column is-vertically-aligned-center is-layout-flow wp-block-column-is-layout-flow\" style=\"flex-basis:33.33%\">\n<p>Clairvoyant, medie &amp; healer, <br>Christina Diddi Adolph<br>Eckersbergsvej 29, <br>5230 Odense M<br><br><strong>Mobil:<\/strong> 60842507<br><strong>E-mail:<\/strong> info@klartilhealing.dk<br><strong>CVR:<\/strong> 444 09488<\/p>\n\n\n\n<div class=\"wp-block-buttons is-layout-flex wp-block-buttons-is-layout-flex\">\n<div class=\"wp-block-button\"><a class=\"wp-block-button__link wp-element-button\" href=\"tel:60842507\">Ring\/ Sms<\/a><\/div>\n\n\n\n<div class=\"wp-block-button\"><a class=\"wp-block-button__link wp-element-button\" href=\"mailto:info@klartilhealing.dk\">Skriv<\/a><\/div>\n<\/div>\n\n\n\n<p class=\"has-text-align-left\"><strong>Anmeldelser<\/strong>: Finder du <a href=\"https:\/\/www.google.com\/search?sca_esv=e8481ae40804fa8e&amp;hl=da&amp;authuser=0&amp;sxsrf=ANbL-n72aeGwen50PnC5T-iQwSNE05zUJQ:1775750112378&amp;q=Christina+Diddi+Adolph+\/+Klar+til+healing&amp;si=AL3DRZEsmMGCryMMFSHJ3StBhOdZ2-6yYkXd_doETEE1OR-qOYRBZm2rSBgddaBwTVIGvFRuJXJjNcPtwB5JqrdOnUDJin4yxsuUdRa5g1ziQjCCGUj6cUQ%3D&amp;uds=ALYpb_nym6KF0x8SxdKYIKb0xuW-ucPJ1EHGeAKUb30OSDlthjvwBo59R3dOOOAELyY3jdZnHnjRWySBJc4D-BMQlZe_hgY2wc2otBqGlHKNrvRXGkhcuWHVSZPAqKwKk4XTkM3toHQsiVM-GyVWSPD8FMSu7lYcqQ&amp;sa=X&amp;ved=2ahUKEwjZ1aHVkOGTAxULJBAIHS4QF_oQ3PALegQIGxAE&amp;biw=1280&amp;bih=631&amp;dpr=1.5\">her<\/a>. <br>Giv selv en  Google anmeldelse <a href=\"https:\/\/g.page\/r\/CQf6SblRF3KFEBM\/review\">her<\/a>.<\/p>\n\n\n\n<p><strong>Arbejdernes Landsbank:<\/strong><br>Reg: 5391 Konto: 0266229<br><strong>MobilePay:<\/strong> 88986<\/p>\n<\/div>\n\n\n\n<div class=\"wp-block-column is-vertically-aligned-stretch is-layout-flow wp-block-column-is-layout-flow\" style=\"flex-basis:66.66%\">\n<div class=\"wp-block-buttons is-layout-flex wp-container-core-buttons-is-layout-a74382ec wp-block-buttons-is-layout-flex\">\n<div class=\"wp-block-button\"><a class=\"wp-block-button__link wp-element-button\" href=\"https:\/\/www.google.com\/maps\/place\/Eckersbergsvej+29,+5230+Odense\/@55.3914885,10.4136052,16z\/data=!3m1!4b1!4m6!3m5!1s0x464d20177891727d:0xc5f01c15b09bac7e!8m2!3d55.3914885!4d10.4161801!16s%2Fg%2F11c16mrbxv?entry=ttu\" target=\"_blank\" rel=\"noreferrer noopener\">Find mig her<\/a><\/div>\n<\/div>\n\n\n<div id=\"wpgmza_map\" class=\"wpgmza_map\" data-settings='{\"id\":\"1\",\"map_title\":\"Mit f\\u00f8rste kort\",\"map_width\":\"60\",\"map_height\":\"300\",\"map_start_lat\":\"55.39254531402028\",\"map_start_lng\":\"10.415332772792397\",\"map_start_location\":\"45.950464398418106,-109.81550500000003\",\"map_start_zoom\":\"15\",\"default_marker\":\"\",\"type\":\"0\",\"alignment\":\"4\",\"directions_enabled\":\"0\",\"styling_enabled\":\"0\",\"styling_json\":\"\",\"active\":\"0\",\"kml\":\"\",\"bicycle\":\"0\",\"traffic\":\"0\",\"dbox\":\"0\",\"dbox_width\":\"\",\"listmarkers\":\"0\",\"listmarkers_advanced\":\"0\",\"filterbycat\":\"0\",\"ugm_enabled\":\"0\",\"ugm_category_enabled\":\"0\",\"fusion\":\"\",\"map_width_type\":\"%\",\"map_height_type\":\"px\",\"mass_marker_support\":\"0\",\"ugm_access\":\"0\",\"order_markers_by\":\"0\",\"order_markers_choice\":\"0\",\"show_user_location\":\"0\",\"default_to\":\"\",\"other_settings\":{\"map_type\":1,\"sl_stroke_color\":\"\",\"sl_fill_color\":\"\",\"sl_stroke_opacity\":\"\",\"sl_fill_opacity\":\"\",\"transport_layer\":false,\"action\":\"wpgmza_save_map\",\"redirect_to\":\"\\\/wp-admin\\\/admin-post.php\",\"map_id\":\"1\",\"http_referer\":\"\\\/wp-admin\\\/admin.php?page=wp-google-maps-menu&amp;amp;action=edit&amp;amp;map_id=1\",\"wpgmza_id\":\"1\",\"wpgmza_start_location\":\"55.39254531402028,10.415332772792397\",\"wpgmza_start_zoom\":\"15\",\"store_locator_enabled\":false,\"store_locator_search_area\":\"radial\",\"wpgmza_store_locator_radius_style\":\"legacy\",\"wpgmza_store_locator_default_radius\":\"10\",\"store_locator_auto_area_max_zoom\":\"\",\"store_locator_distance\":false,\"wpgmza_store_locator_position\":false,\"store_locator_show_distance\":false,\"store_locator_category\":false,\"wpgmza_store_locator_use_their_location\":false,\"wpgmza_store_locator_bounce\":false,\"wpgmza_sl_animation\":null,\"wpgmza_store_locator_hide_before_search\":false,\"store_locator_query_string\":\"\",\"store_locator_location_placeholder\":\"\",\"store_locator_default_address\":\"\",\"store_locator_name_search\":false,\"store_locator_name_string\":\"\",\"store_locator_not_found_message\":\"\",\"wpgmza_map_align\":\"1\",\"jump_to_nearest_marker_on_initialization\":false,\"automatically_pan_to_users_location\":false,\"override_users_location_zoom_level\":false,\"override_users_location_zoom_levels\":\"\",\"show_distance_from_location\":false,\"map_max_zoom\":\"21\",\"map_min_zoom\":\"0\",\"click_open_link\":false,\"fit_maps_bounds_to_markers\":false,\"fit_maps_bounds_to_markers_after_filtering\":false,\"hide_point_of_interest\":false,\"wpgmza_zoom_on_marker_click\":false,\"wpgmza_zoom_on_marker_click_slider\":\"\",\"close_infowindow_on_map_click\":false,\"disable_lightbox_images\":false,\"use_Raw_Jpeg_Coordinates\":false,\"disable_polygon_info_windows\":false,\"enable_marker_ratings\":false,\"only_load_markers_within_viewport\":false,\"iw_primary_color\":\"#000000\",\"iw_accent_color\":\"#000000\",\"iw_text_color\":\"#000000\",\"wpgmza_listmarkers_by\":\"0\",\"wpgmza_marker_listing_position\":false,\"zoom_level_on_marker_listing_override\":false,\"zoom_level_on_marker_listing_click\":\"\",\"marker_listing_disable_zoom\":false,\"datatable_no_result_message\":\"\",\"remove_search_box_datables\":false,\"dataTable_pagination_style\":null,\"datatable_search_string\":\"\",\"datatable_result_start\":\"\",\"datatable_result_of\":\"\",\"datatable_result_to\":\"\",\"datatable_result_total\":\"\",\"datatable_result_show\":\"\",\"datatable_result_entries\":\"\",\"wpgmza_savemap\":\"Gem kort \\u00bb\",\"zoom_level_mobile_override_enabled\":false,\"zoom_level_mobile_override\":\"\"}}' data-map-id='1' Data-maps-engine='open-layers' data-shortcode-attributes='{\"id\":\"1\"}' style=\"display:block; overflow:auto; width:60%; height:300px; float:left;\"><\/div><\/div>\n<\/div>\n\n\n\n<ul class=\"wp-block-list\">\n<li>N\u00e6rmeste letbane-station er  &#8220;\u00d8sterb\u00e6ksvej&#8221;. G\u00e5afstand er 250 m.<\/li>\n\n\n\n<li>Mit lokale ligger i plan med vejen, og ligger &#8220;under huset&#8221; med egen indgang, trukket lidt ind p\u00e5 grunden. Se efter skiltet i vinduet og en sort d\u00f8r.<br>Billederne nedenfor viser, hvor du g\u00e5r ind. <\/li>\n\n\n\n<li>Kommer du i bil? &#8211; Der er gratis parkering i vejkanten for biler.<\/li>\n\n\n\n<li>Kommer du p\u00e5 cykel eller el-scooter? Du kan parkeres lige ved indgangen, i indhakket. <\/li>\n\n\n\n<li>Kom s\u00e5 t\u00e6t p\u00e5 din tid som muligt, da jeg ikke har et ventev\u00e6relse. Hvis du kommer i god tid, er der en park (Munkedammen) lige overfor, som du kan g\u00e5 tur i, imens du venter. Stien ligner et hjulspor og er offentlig og ligger skr\u00e5t overfor nummer 29 i mellem r\u00e6kkehusene.<\/li>\n<\/ul>\n\n\n\n<figure class=\"wp-block-gallery has-nested-images columns-default is-cropped wp-block-gallery-2 is-layout-flex wp-block-gallery-is-layout-flex\">\n<figure class=\"wp-block-image size-full wp-duotone-unset-1\" style=\"margin-top:0;margin-right:0;margin-bottom:0;margin-left:0\"><img loading=\"lazy\" decoding=\"async\" width=\"1748\" height=\"1433\" data-id=\"1461\" src=\"https:\/\/www.klartilhealing.dk\/wp-content\/uploads\/2025\/10\/Udefra-2-min.jpeg\" alt=\"Indgang fra gaden til klartilhealing.dk\" class=\"wp-image-1461\" srcset=\"https:\/\/www.klartilhealing.dk\/wp-content\/uploads\/2025\/10\/Udefra-2-min.jpeg 1748w, https:\/\/www.klartilhealing.dk\/wp-content\/uploads\/2025\/10\/Udefra-2-min-300x246.jpeg 300w, https:\/\/www.klartilhealing.dk\/wp-content\/uploads\/2025\/10\/Udefra-2-min-1024x839.jpeg 1024w, https:\/\/www.klartilhealing.dk\/wp-content\/uploads\/2025\/10\/Udefra-2-min-768x630.jpeg 768w, https:\/\/www.klartilhealing.dk\/wp-content\/uploads\/2025\/10\/Udefra-2-min-1536x1259.jpeg 1536w, https:\/\/www.klartilhealing.dk\/wp-content\/uploads\/2025\/10\/Udefra-2-min-600x492.jpeg 600w\" sizes=\"auto, (max-width: 1748px) 100vw, 1748px\" \/><figcaption class=\"wp-element-caption\">Indgang fra gaden<\/figcaption><\/figure>\n\n\n\n<figure class=\"wp-block-image size-full\" style=\"margin-top:0;margin-right:0;margin-bottom:0;margin-left:0\"><img loading=\"lazy\" decoding=\"async\" width=\"600\" height=\"465\" data-id=\"1462\" src=\"https:\/\/www.klartilhealing.dk\/wp-content\/uploads\/2025\/10\/Udefra-3-600-460.jpg\" alt=\"Indgang fra fortovet\" class=\"wp-image-1462\" srcset=\"https:\/\/www.klartilhealing.dk\/wp-content\/uploads\/2025\/10\/Udefra-3-600-460.jpg 600w, https:\/\/www.klartilhealing.dk\/wp-content\/uploads\/2025\/10\/Udefra-3-600-460-300x233.jpg 300w\" sizes=\"auto, (max-width: 600px) 100vw, 600px\" \/><figcaption class=\"wp-element-caption\">Indgang fra fortovet<\/figcaption><\/figure>\n<\/figure>\n\n\n\n<p><\/p>\n","protected":false},"excerpt":{"rendered":"<p>Kontakt Clairvoyant, medie &amp; healer, Christina Diddi AdolphEckersbergsvej 29, 5230 Odense M Mobil: 60842507E-mail: info@klartilhealing.dkCVR: 444 09488 Anmeldelser: Finder du her. Giv selv en Google anmeldelse her. Arbejdernes Landsbank:Reg: 5391 Konto: 0266229MobilePay: 88986<\/p>\n","protected":false},"author":1,"featured_media":0,"parent":0,"menu_order":0,"comment_status":"closed","ping_status":"closed","template":"","meta":{"_kad_post_transparent":"default","_kad_post_title":"default","_kad_post_layout":"fullwidth","_kad_post_sidebar_id":"","_kad_post_content_style":"default","_kad_post_vertical_padding":"default","_kad_post_feature":"","_kad_post_feature_position":"","_kad_post_header":false,"_kad_post_footer":false,"_kad_post_classname":"","footnotes":""},"class_list":["post-46","page","type-page","status-publish","hentry"],"yoast_head":"<!-- This site is optimized with the Yoast SEO plugin v27.3 - https:\/\/yoast.com\/product\/yoast-seo-wordpress\/ -->\n<title>KONTAKT - Klar til healing<\/title>\n<meta name=\"description\" content=\"KONTAKT Clairvoyant Medie &amp; Healer, Christina Diddi Adolph, Eckersbergsvej 29, 5230 Odense M, mobil: 60842507, e-mail: info@klartilhealing.dk\" \/>\n<meta name=\"robots\" content=\"index, follow, max-snippet:-1, max-image-preview:large, max-video-preview:-1\" \/>\n<link rel=\"canonical\" href=\"https:\/\/www.klartilhealing.dk\/index.php\/christina-diddi-adolph\/\" \/>\n<meta property=\"og:locale\" content=\"da_DK\" \/>\n<meta property=\"og:type\" content=\"article\" \/>\n<meta property=\"og:title\" content=\"KONTAKT - Klar til healing\" \/>\n<meta property=\"og:description\" content=\"KONTAKT Clairvoyant Medie &amp; Healer, Christina Diddi Adolph, Eckersbergsvej 29, 5230 Odense M, mobil: 60842507, e-mail: info@klartilhealing.dk\" \/>\n<meta property=\"og:url\" content=\"https:\/\/www.klartilhealing.dk\/index.php\/christina-diddi-adolph\/\" \/>\n<meta property=\"og:site_name\" content=\"Klar til healing\" \/>\n<meta property=\"article:publisher\" content=\"https:\/\/www.facebook.com\/klartilhealing\" \/>\n<meta property=\"article:modified_time\" content=\"2026-04-09T16:09:50+00:00\" \/>\n<meta property=\"og:image\" content=\"https:\/\/www.klartilhealing.dk\/wp-content\/uploads\/2025\/10\/Udefra-2-min.jpeg\" \/>\n\t<meta property=\"og:image:width\" content=\"1748\" \/>\n\t<meta property=\"og:image:height\" content=\"1433\" \/>\n\t<meta property=\"og:image:type\" content=\"image\/jpeg\" \/>\n<meta name=\"twitter:card\" content=\"summary_large_image\" \/>\n<meta name=\"twitter:label1\" content=\"Estimeret l\u00e6setid\" \/>\n\t<meta name=\"twitter:data1\" content=\"2 minutter\" \/>\n<script type=\"application\/ld+json\" class=\"yoast-schema-graph\">{\"@context\":\"https:\\\/\\\/schema.org\",\"@graph\":[{\"@type\":\"WebPage\",\"@id\":\"https:\\\/\\\/www.klartilhealing.dk\\\/index.php\\\/christina-diddi-adolph\\\/\",\"url\":\"https:\\\/\\\/www.klartilhealing.dk\\\/index.php\\\/christina-diddi-adolph\\\/\",\"name\":\"KONTAKT - Klar til healing\",\"isPartOf\":{\"@id\":\"https:\\\/\\\/www.klartilhealing.dk\\\/#website\"},\"primaryImageOfPage\":{\"@id\":\"https:\\\/\\\/www.klartilhealing.dk\\\/index.php\\\/christina-diddi-adolph\\\/#primaryimage\"},\"image\":{\"@id\":\"https:\\\/\\\/www.klartilhealing.dk\\\/index.php\\\/christina-diddi-adolph\\\/#primaryimage\"},\"thumbnailUrl\":\"https:\\\/\\\/www.klartilhealing.dk\\\/wp-content\\\/uploads\\\/2025\\\/10\\\/Udefra-2-min.jpeg\",\"datePublished\":\"2024-04-15T15:26:55+00:00\",\"dateModified\":\"2026-04-09T16:09:50+00:00\",\"description\":\"KONTAKT Clairvoyant Medie & Healer, Christina Diddi Adolph, Eckersbergsvej 29, 5230 Odense M, mobil: 60842507, e-mail: info@klartilhealing.dk\",\"breadcrumb\":{\"@id\":\"https:\\\/\\\/www.klartilhealing.dk\\\/index.php\\\/christina-diddi-adolph\\\/#breadcrumb\"},\"inLanguage\":\"da-DK\",\"potentialAction\":[{\"@type\":\"ReadAction\",\"target\":[\"https:\\\/\\\/www.klartilhealing.dk\\\/index.php\\\/christina-diddi-adolph\\\/\"]}]},{\"@type\":\"ImageObject\",\"inLanguage\":\"da-DK\",\"@id\":\"https:\\\/\\\/www.klartilhealing.dk\\\/index.php\\\/christina-diddi-adolph\\\/#primaryimage\",\"url\":\"https:\\\/\\\/www.klartilhealing.dk\\\/wp-content\\\/uploads\\\/2025\\\/10\\\/Udefra-2-min.jpeg\",\"contentUrl\":\"https:\\\/\\\/www.klartilhealing.dk\\\/wp-content\\\/uploads\\\/2025\\\/10\\\/Udefra-2-min.jpeg\",\"width\":1748,\"height\":1433,\"caption\":\"Indgang fra gaden\"},{\"@type\":\"BreadcrumbList\",\"@id\":\"https:\\\/\\\/www.klartilhealing.dk\\\/index.php\\\/christina-diddi-adolph\\\/#breadcrumb\",\"itemListElement\":[{\"@type\":\"ListItem\",\"position\":1,\"name\":\"Hjem\",\"item\":\"https:\\\/\\\/www.klartilhealing.dk\\\/\"},{\"@type\":\"ListItem\",\"position\":2,\"name\":\"KONTAKT\"}]},{\"@type\":\"WebSite\",\"@id\":\"https:\\\/\\\/www.klartilhealing.dk\\\/#website\",\"url\":\"https:\\\/\\\/www.klartilhealing.dk\\\/\",\"name\":\"Klar til healing\",\"description\":\"Christina Diddi Adolph\",\"publisher\":{\"@id\":\"https:\\\/\\\/www.klartilhealing.dk\\\/#organization\"},\"potentialAction\":[{\"@type\":\"SearchAction\",\"target\":{\"@type\":\"EntryPoint\",\"urlTemplate\":\"https:\\\/\\\/www.klartilhealing.dk\\\/?s={search_term_string}\"},\"query-input\":{\"@type\":\"PropertyValueSpecification\",\"valueRequired\":true,\"valueName\":\"search_term_string\"}}],\"inLanguage\":\"da-DK\"},{\"@type\":\"Organization\",\"@id\":\"https:\\\/\\\/www.klartilhealing.dk\\\/#organization\",\"name\":\"Klar til healing\",\"alternateName\":\"Christina Diddi Adolph\",\"url\":\"https:\\\/\\\/www.klartilhealing.dk\\\/\",\"logo\":{\"@type\":\"ImageObject\",\"inLanguage\":\"da-DK\",\"@id\":\"https:\\\/\\\/www.klartilhealing.dk\\\/#\\\/schema\\\/logo\\\/image\\\/\",\"url\":\"https:\\\/\\\/www.klartilhealing.dk\\\/wp-content\\\/uploads\\\/2024\\\/05\\\/cropped-Transperant-logo-med-prikker.png\",\"contentUrl\":\"https:\\\/\\\/www.klartilhealing.dk\\\/wp-content\\\/uploads\\\/2024\\\/05\\\/cropped-Transperant-logo-med-prikker.png\",\"width\":512,\"height\":512,\"caption\":\"Klar til healing\"},\"image\":{\"@id\":\"https:\\\/\\\/www.klartilhealing.dk\\\/#\\\/schema\\\/logo\\\/image\\\/\"},\"sameAs\":[\"https:\\\/\\\/www.facebook.com\\\/klartilhealing\"]}]}<\/script>\n<!-- \/ Yoast SEO plugin. -->","yoast_head_json":{"title":"KONTAKT - Klar til healing","description":"KONTAKT Clairvoyant Medie & Healer, Christina Diddi Adolph, Eckersbergsvej 29, 5230 Odense M, mobil: 60842507, e-mail: info@klartilhealing.dk","robots":{"index":"index","follow":"follow","max-snippet":"max-snippet:-1","max-image-preview":"max-image-preview:large","max-video-preview":"max-video-preview:-1"},"canonical":"https:\/\/www.klartilhealing.dk\/index.php\/christina-diddi-adolph\/","og_locale":"da_DK","og_type":"article","og_title":"KONTAKT - Klar til healing","og_description":"KONTAKT Clairvoyant Medie & Healer, Christina Diddi Adolph, Eckersbergsvej 29, 5230 Odense M, mobil: 60842507, e-mail: info@klartilhealing.dk","og_url":"https:\/\/www.klartilhealing.dk\/index.php\/christina-diddi-adolph\/","og_site_name":"Klar til healing","article_publisher":"https:\/\/www.facebook.com\/klartilhealing","article_modified_time":"2026-04-09T16:09:50+00:00","og_image":[{"width":1748,"height":1433,"url":"https:\/\/www.klartilhealing.dk\/wp-content\/uploads\/2025\/10\/Udefra-2-min.jpeg","type":"image\/jpeg"}],"twitter_card":"summary_large_image","twitter_misc":{"Estimeret l\u00e6setid":"2 minutter"},"schema":{"@context":"https:\/\/schema.org","@graph":[{"@type":"WebPage","@id":"https:\/\/www.klartilhealing.dk\/index.php\/christina-diddi-adolph\/","url":"https:\/\/www.klartilhealing.dk\/index.php\/christina-diddi-adolph\/","name":"KONTAKT - Klar til healing","isPartOf":{"@id":"https:\/\/www.klartilhealing.dk\/#website"},"primaryImageOfPage":{"@id":"https:\/\/www.klartilhealing.dk\/index.php\/christina-diddi-adolph\/#primaryimage"},"image":{"@id":"https:\/\/www.klartilhealing.dk\/index.php\/christina-diddi-adolph\/#primaryimage"},"thumbnailUrl":"https:\/\/www.klartilhealing.dk\/wp-content\/uploads\/2025\/10\/Udefra-2-min.jpeg","datePublished":"2024-04-15T15:26:55+00:00","dateModified":"2026-04-09T16:09:50+00:00","description":"KONTAKT Clairvoyant Medie & Healer, Christina Diddi Adolph, Eckersbergsvej 29, 5230 Odense M, mobil: 60842507, e-mail: info@klartilhealing.dk","breadcrumb":{"@id":"https:\/\/www.klartilhealing.dk\/index.php\/christina-diddi-adolph\/#breadcrumb"},"inLanguage":"da-DK","potentialAction":[{"@type":"ReadAction","target":["https:\/\/www.klartilhealing.dk\/index.php\/christina-diddi-adolph\/"]}]},{"@type":"ImageObject","inLanguage":"da-DK","@id":"https:\/\/www.klartilhealing.dk\/index.php\/christina-diddi-adolph\/#primaryimage","url":"https:\/\/www.klartilhealing.dk\/wp-content\/uploads\/2025\/10\/Udefra-2-min.jpeg","contentUrl":"https:\/\/www.klartilhealing.dk\/wp-content\/uploads\/2025\/10\/Udefra-2-min.jpeg","width":1748,"height":1433,"caption":"Indgang fra gaden"},{"@type":"BreadcrumbList","@id":"https:\/\/www.klartilhealing.dk\/index.php\/christina-diddi-adolph\/#breadcrumb","itemListElement":[{"@type":"ListItem","position":1,"name":"Hjem","item":"https:\/\/www.klartilhealing.dk\/"},{"@type":"ListItem","position":2,"name":"KONTAKT"}]},{"@type":"WebSite","@id":"https:\/\/www.klartilhealing.dk\/#website","url":"https:\/\/www.klartilhealing.dk\/","name":"Klar til healing","description":"Christina Diddi Adolph","publisher":{"@id":"https:\/\/www.klartilhealing.dk\/#organization"},"potentialAction":[{"@type":"SearchAction","target":{"@type":"EntryPoint","urlTemplate":"https:\/\/www.klartilhealing.dk\/?s={search_term_string}"},"query-input":{"@type":"PropertyValueSpecification","valueRequired":true,"valueName":"search_term_string"}}],"inLanguage":"da-DK"},{"@type":"Organization","@id":"https:\/\/www.klartilhealing.dk\/#organization","name":"Klar til healing","alternateName":"Christina Diddi Adolph","url":"https:\/\/www.klartilhealing.dk\/","logo":{"@type":"ImageObject","inLanguage":"da-DK","@id":"https:\/\/www.klartilhealing.dk\/#\/schema\/logo\/image\/","url":"https:\/\/www.klartilhealing.dk\/wp-content\/uploads\/2024\/05\/cropped-Transperant-logo-med-prikker.png","contentUrl":"https:\/\/www.klartilhealing.dk\/wp-content\/uploads\/2024\/05\/cropped-Transperant-logo-med-prikker.png","width":512,"height":512,"caption":"Klar til healing"},"image":{"@id":"https:\/\/www.klartilhealing.dk\/#\/schema\/logo\/image\/"},"sameAs":["https:\/\/www.facebook.com\/klartilhealing"]}]}},"_links":{"self":[{"href":"https:\/\/www.klartilhealing.dk\/index.php\/wp-json\/wp\/v2\/pages\/46","targetHints":{"allow":["GET"]}}],"collection":[{"href":"https:\/\/www.klartilhealing.dk\/index.php\/wp-json\/wp\/v2\/pages"}],"about":[{"href":"https:\/\/www.klartilhealing.dk\/index.php\/wp-json\/wp\/v2\/types\/page"}],"author":[{"embeddable":true,"href":"https:\/\/www.klartilhealing.dk\/index.php\/wp-json\/wp\/v2\/users\/1"}],"replies":[{"embeddable":true,"href":"https:\/\/www.klartilhealing.dk\/index.php\/wp-json\/wp\/v2\/comments?post=46"}],"version-history":[{"count":12,"href":"https:\/\/www.klartilhealing.dk\/index.php\/wp-json\/wp\/v2\/pages\/46\/revisions"}],"predecessor-version":[{"id":1725,"href":"https:\/\/www.klartilhealing.dk\/index.php\/wp-json\/wp\/v2\/pages\/46\/revisions\/1725"}],"wp:attachment":[{"href":"https:\/\/www.klartilhealing.dk\/index.php\/wp-json\/wp\/v2\/media?parent=46"}],"curies":[{"name":"wp","href":"https:\/\/api.w.org\/{rel}","templated":true}]}}